{"id":1148,"date":"2021-05-24T17:38:39","date_gmt":"2021-05-24T15:38:39","guid":{"rendered":"http:\/\/dobrylotr.pl\/?page_id=1148"},"modified":"2021-05-24T17:40:11","modified_gmt":"2021-05-24T15:40:11","slug":"rozpoznaj-swoj-charyzamt","status":"publish","type":"page","link":"https:\/\/dobrylotr.pl\/index.php\/animatorzy\/rozpoznaj-swoj-charyzamt\/","title":{"rendered":"Rozpoznaj sw\u00f3j charyzamt"},"content":{"rendered":"<p><span>Warsztaty &#8222;Rozpoznaj sw\u00f3j charyzmat&#8221; przedstawiaj\u0105 23 podstawowe i najcz\u0119\u015bciej wyst\u0119puj\u0105ce charyzmaty &#8222;zwyczajne&#8221; i &#8221; nadzwyczajne&#8221; oraz pomagaj\u0105 je rozezna\u0107.<br \/>\n<\/span><span><br \/>\nPoprowadzi je o. Wit\u00a0 Chlondowski, prowincjalny sekretarz ewangelizacji i misji oraz animator ewangelizacji, wyk\u0142adowca WSD, duszpasterz Szko\u0142y Nowej Ewangelizacji \u201eZacheusz\u201d.<\/span><\/p>\n<p><span>Rozpoznaj sw\u00f3j charyzmat, by uwolni\u0107 ca\u0142y potencja\u0142, kt\u00f3ry kochaj\u0105cy Ojciec z\u0142o\u017cy\u0142 w Tobie.<\/span><\/p>\n<p><strong>Miejsce:<\/strong><br \/>\nCentrum Modlitwy i Ewangelizacji \u015awi\u0119tego Dobrego \u0141otra (Kazimierz\u00f3wka)<br \/>\nul. G\u0142\u00f3wna 16, Radom<\/p>\n<p><strong>Koszt:<\/strong><br \/>\n60 z\u0142 za ca\u0142o\u015b\u0107.<br \/>\n(w cenie pyszna kawa i ciasta oraz ofiara dla ojca Wita)<\/p>\n<p>Wp\u0142ata na konto:<br \/>\n<span>Bank BG\u017b<\/span><br \/>\n<span>54 2030 0045 1110 0000 0278 1190<\/span><br \/>\n<span>Fundacja Dobrego \u0141otra<\/span><br \/>\n<span>ul. G\u0142\u00f3wna 16<\/span><br \/>\n<span>26-600 Radom<\/span><br \/>\n<span>W tytule prosz\u0119 poda\u0107: Rozpoznaj sw\u00f3j charyzmat oraz imi\u0119 i nazwisko osoby zapisywanej.<\/span><\/p>\n<p>lub<\/p>\n<p>got\u00f3wk\u0105 przy rejestracji.<\/p>\n<p>&nbsp;<\/p>\n<p><strong>Spotkanie 1<\/strong><br \/>\n28.05 pi\u0105tek godz. 20:30 (spotkanie tylko online)<br \/>\nLink: <a href=\"https:\/\/us02web.zoom.us\/j\/85400394818?pwd=Zm9Rb1JncVJqVGVBcWtmZ2g1Q2w3dz09\" target=\"_blank\" rel=\"noopener\">https:\/\/us02web.zoom.us\/j\/85400394818?pwd=Zm9Rb1JncVJqVGVBcWtmZ2g1Q2w3dz09<\/a><\/p>\n<p>Meeting ID: 854 0039 4818<br \/>\nPasscode: 313830<\/p>\n<p><strong>Spotkanie 2<\/strong><br \/>\n29.05 sobota, godz. od 16:00 do 21:00<\/p>\n<p><strong>Spotkanie 3<\/strong><br \/>\n12.06 sobota, godz. od 9:00 do 14:00<\/p>\n<p><strong>Spotkanie 4<\/strong><br \/>\n26.06 sobota, godz. od 16:00 do 21:00<\/p>\n<p>&nbsp;<\/p>\n<p>We\u017a ze sob\u0105 notatnik!<\/p>\n<h2 style=\"text-align: center;\"><a href=\"https:\/\/docs.google.com\/forms\/d\/e\/1FAIpQLSe1Jy6gBagEtior32NmPhsslns7Pw-7PZD3TFv2iIjPmUrVFQ\/viewform?usp=sf_link\" target=\"_blank\" rel=\"noopener\">Zapisz si\u0119<\/a><\/h2>\n<p>&nbsp;<\/p>\n<p>&nbsp;<\/p>\n","protected":false},"excerpt":{"rendered":"<p>Warsztaty &#8222;Rozpoznaj sw\u00f3j charyzmat&#8221; przedstawiaj\u0105 23 podstawowe i najcz\u0119\u015bciej wyst\u0119puj\u0105ce charyzmaty &#8222;zwyczajne&#8221; i &#8221; nadzwyczajne&#8221; oraz pomagaj\u0105 je rozezna\u0107. Poprowadzi je o. Wit\u00a0 Chlondowski, prowincjalny sekretarz ewangelizacji i misji oraz animator ewangelizacji, wyk\u0142adowca WSD, duszpasterz Szko\u0142y Nowej Ewangelizacji \u201eZacheusz\u201d. Rozpoznaj sw\u00f3j charyzmat, by uwolni\u0107 ca\u0142y potencja\u0142, kt\u00f3ry kochaj\u0105cy Ojciec z\u0142o\u017cy\u0142 [&hellip;]<\/p>\n","protected":false},"author":1,"featured_media":0,"parent":189,"menu_order":0,"comment_status":"closed","ping_status":"closed","template":"","meta":{"footnotes":""},"class_list":["post-1148","page","type-page","status-publish","hentry"],"_links":{"self":[{"href":"https:\/\/dobrylotr.pl\/index.php\/wp-json\/wp\/v2\/pages\/1148","targetHints":{"allow":["GET"]}}],"collection":[{"href":"https:\/\/dobrylotr.pl\/index.php\/wp-json\/wp\/v2\/pages"}],"about":[{"href":"https:\/\/dobrylotr.pl\/index.php\/wp-json\/wp\/v2\/types\/page"}],"author":[{"embeddable":true,"href":"https:\/\/dobrylotr.pl\/index.php\/wp-json\/wp\/v2\/users\/1"}],"replies":[{"embeddable":true,"href":"https:\/\/dobrylotr.pl\/index.php\/wp-json\/wp\/v2\/comments?post=1148"}],"version-history":[{"count":2,"href":"https:\/\/dobrylotr.pl\/index.php\/wp-json\/wp\/v2\/pages\/1148\/revisions"}],"predecessor-version":[{"id":1150,"href":"https:\/\/dobrylotr.pl\/index.php\/wp-json\/wp\/v2\/pages\/1148\/revisions\/1150"}],"up":[{"embeddable":true,"href":"https:\/\/dobrylotr.pl\/index.php\/wp-json\/wp\/v2\/pages\/189"}],"wp:attachment":[{"href":"https:\/\/dobrylotr.pl\/index.php\/wp-json\/wp\/v2\/media?parent=1148"}],"curies":[{"name":"wp","href":"https:\/\/api.w.org\/{rel}","templated":true}]}}