{"id":1160,"date":"2021-05-31T14:45:40","date_gmt":"2021-05-31T12:45:40","guid":{"rendered":"http:\/\/dobrylotr.pl\/?page_id=1160"},"modified":"2021-06-21T21:21:20","modified_gmt":"2021-06-21T19:21:20","slug":"kurs-uczen-slowa","status":"publish","type":"page","link":"https:\/\/dobrylotr.pl\/index.php\/kurs-uczen-slowa\/","title":{"rendered":"Kurs Ucze\u0144 S\u0142owa"},"content":{"rendered":"<p><strong><img loading=\"lazy\" decoding=\"async\" src=\"https:\/\/dobrylotr.pl\/wp-content\/uploads\/2021\/05\/uczen-slowa-300x200.jpg\" alt=\"ucze\u0144 s\u0142owa\" width=\"396\" height=\"264\" class=\" wp-image-1161 alignright\" srcset=\"https:\/\/dobrylotr.pl\/wp-content\/uploads\/2021\/05\/uczen-slowa-300x200.jpg 300w, https:\/\/dobrylotr.pl\/wp-content\/uploads\/2021\/05\/uczen-slowa-360x240.jpg 360w, https:\/\/dobrylotr.pl\/wp-content\/uploads\/2021\/05\/uczen-slowa.jpg 500w\" sizes=\"auto, (max-width: 396px) 100vw, 396px\" \/>Ucze\u0144 S\u0142owa<\/strong> to kurs, kt\u00f3ry ma na celu rozpali\u0107 ucznia Jezusa Chrystusa do relacji z Jego s\u0142owem poprzez do\u015bwiadczenie spotkania z Nim w Lectio Divina oraz Bibliodramie.<br \/>\nKurs jest laboratorium, w kt\u00f3rym b\u0119dzie wi\u0119cej do\u015bwiadcze\u0144 ni\u017c\u00a0 teorii.<\/p>\n<p>Kurs jest przeznaczony tylko dla cz\u0142onk\u00f3w wsp\u00f3lnoty Dobrego \u0141otra.<\/p>\n<p><strong>Zabierz ze sob\u0105:<\/strong><br \/>\n&#8211; Pismo \u015awi\u0119te (Stary i Nowy Testament)<br \/>\n&#8211; wygodne ubrania do Bibliodramy<\/p>\n<p><strong>Kurs b\u0119dzie prowadzony w dw\u00f3ch terminach:<\/strong><br \/>\n<strong>15 &#8211; 18 lipca<\/strong><br \/>\nw Dom Zakonny Stowarzyszenia Apostolstwa Katolickiego<br \/>\n<span>ul. Kielecka 33, \u015awi\u0119ta Katarzyna<\/span><br \/>\n<span>26-010 Bodzentyn<\/span><\/p>\n<p>lub<\/p>\n<p><strong>19 &#8211; 22 sierpnia<\/strong><br \/>\nw Centrum Spotka\u0144 i Dialogu Diecezji Kieleckiej w Skorzeszycach<br \/>\nSkorzeszyce nr 167<br \/>\n26-008 G\u00f3rno<\/p>\n<p>Rozpocz\u0119cie (w obu terminach) w czwartek:<br \/>\n17:00 recepcja<br \/>\n18:00 kolacja<\/p>\n<p>Zako\u0144czenie (w obu terminach) w niedziele:<br \/>\n14:00 obiad<\/p>\n<p><strong>Koszt:<\/strong><\/p>\n<p>320z\u0142<\/p>\n<p>Aby zosta\u0107 wpisanym na list\u0119 uczestnik\u00f3w nale\u017cy wp\u0142aci\u0107 ca\u0142o\u015b\u0107 lub zaliczk\u0119 w wysoko\u015bci 150z\u0142 na konto:<br \/>\n<span>Bank BG\u017b<\/span><br \/>\n<span>54 2030 0045 1110 0000 0278 1190<\/span><br \/>\n<span>Fundacja Dobrego \u0141otra<\/span><br \/>\n<span>ul. G\u0142\u00f3wna 16<\/span><br \/>\n<span>26-600 Radom<\/span><br \/>\n<span>W tytule prosz\u0119 poda\u0107: Ucze\u0144 S\u0142owa (lipiec lub sierpie\u0144) oraz imi\u0119 i nazwisko osoby zapisywanej.<\/span><\/p>\n<p><strong>Zapisy:<\/strong><\/p>\n<p><strong>I termin 15 &#8211; 28 lipca &#8211; <\/strong>w celu zapisania si\u0119 wy\u015blij maila na <a href=\"mailto:kontakt@dobrylotr.pl\">kontakt@dobrylotr.pl<\/a> z twoim imieniem i nazwiskiem oraz twojego gospodarza. W odpowiedzi dostaniesz informacj\u0119 czy s\u0105 jeszcze wolne miejsca.<\/p>\n<p><strong>II termin\u00a0 19 &#8211; 22 sierpnia<\/strong> &#8211; <strong><a href=\"https:\/\/docs.google.com\/forms\/d\/e\/1FAIpQLSeMWsbE4gN-NEE3W49l4ztetphalYf492ql3mIt_lzNTHsHnA\/viewform?usp=sf_link\" target=\"_blank\" rel=\"noopener\">zapisz si\u0119<\/a><\/strong><br \/>\nzapisy do 30 lipca<\/p>\n","protected":false},"excerpt":{"rendered":"<p>Ucze\u0144 S\u0142owa to kurs, kt\u00f3ry ma na celu rozpali\u0107 ucznia Jezusa Chrystusa do relacji z Jego s\u0142owem poprzez do\u015bwiadczenie spotkania z Nim w Lectio Divina oraz Bibliodramie. Kurs jest laboratorium, w kt\u00f3rym b\u0119dzie wi\u0119cej do\u015bwiadcze\u0144 ni\u017c\u00a0 teorii. Kurs jest przeznaczony tylko dla cz\u0142onk\u00f3w wsp\u00f3lnoty Dobrego \u0141otra. Zabierz ze sob\u0105: &#8211; [&hellip;]<\/p>\n","protected":false},"author":1,"featured_media":1161,"parent":0,"menu_order":0,"comment_status":"closed","ping_status":"closed","template":"","meta":{"footnotes":""},"class_list":["post-1160","page","type-page","status-publish","has-post-thumbnail","hentry"],"_links":{"self":[{"href":"https:\/\/dobrylotr.pl\/index.php\/wp-json\/wp\/v2\/pages\/1160","targetHints":{"allow":["GET"]}}],"collection":[{"href":"https:\/\/dobrylotr.pl\/index.php\/wp-json\/wp\/v2\/pages"}],"about":[{"href":"https:\/\/dobrylotr.pl\/index.php\/wp-json\/wp\/v2\/types\/page"}],"author":[{"embeddable":true,"href":"https:\/\/dobrylotr.pl\/index.php\/wp-json\/wp\/v2\/users\/1"}],"replies":[{"embeddable":true,"href":"https:\/\/dobrylotr.pl\/index.php\/wp-json\/wp\/v2\/comments?post=1160"}],"version-history":[{"count":4,"href":"https:\/\/dobrylotr.pl\/index.php\/wp-json\/wp\/v2\/pages\/1160\/revisions"}],"predecessor-version":[{"id":1169,"href":"https:\/\/dobrylotr.pl\/index.php\/wp-json\/wp\/v2\/pages\/1160\/revisions\/1169"}],"wp:featuredmedia":[{"embeddable":true,"href":"https:\/\/dobrylotr.pl\/index.php\/wp-json\/wp\/v2\/media\/1161"}],"wp:attachment":[{"href":"https:\/\/dobrylotr.pl\/index.php\/wp-json\/wp\/v2\/media?parent=1160"}],"curies":[{"name":"wp","href":"https:\/\/api.w.org\/{rel}","templated":true}]}}