{"id":1419,"date":"2023-07-18T14:50:20","date_gmt":"2023-07-18T12:50:20","guid":{"rendered":"http:\/\/dobrylotr.pl\/?page_id=1419"},"modified":"2023-08-01T21:55:22","modified_gmt":"2023-08-01T19:55:22","slug":"kurs-jozef-i-maryja","status":"publish","type":"page","link":"https:\/\/dobrylotr.pl\/index.php\/kurs-jozef-i-maryja\/","title":{"rendered":"Kurs J\u00f3zef i Maryja"},"content":{"rendered":"<p><img loading=\"lazy\" decoding=\"async\" src=\"https:\/\/dobrylotr.pl\/wp-content\/uploads\/2023\/07\/Projekt-bez-nazwy-1024x576.jpg\" alt=\"\" width=\"750\" height=\"422\" class=\"alignleft wp-image-1420 size-large\" srcset=\"https:\/\/dobrylotr.pl\/wp-content\/uploads\/2023\/07\/Projekt-bez-nazwy-1024x576.jpg 1024w, https:\/\/dobrylotr.pl\/wp-content\/uploads\/2023\/07\/Projekt-bez-nazwy-300x169.jpg 300w, https:\/\/dobrylotr.pl\/wp-content\/uploads\/2023\/07\/Projekt-bez-nazwy-768x432.jpg 768w, https:\/\/dobrylotr.pl\/wp-content\/uploads\/2023\/07\/Projekt-bez-nazwy-1536x864.jpg 1536w, https:\/\/dobrylotr.pl\/wp-content\/uploads\/2023\/07\/Projekt-bez-nazwy.jpg 1920w\" sizes=\"auto, (max-width: 750px) 100vw, 750px\" \/>J\u00f3zef i Maryja wsp\u00f3lnie wychowali na zbawiciela \u015bwiata wcielone s\u0142owo Boga. Wielokrotnie musieli zmienia\u0107 swoje plany \u017cyciowe, musieli ucieka\u0107 bo \u017cycie ich dziecka by\u0142o zagro\u017cone oraz musieli uwierzy\u0107 w rzeczy nie do uwierzenia. Jak im si\u0119 to uda\u0142o? Co zrobili, \u017ce si\u0119 nie poddali? Na te oraz szereg innych pyta\u0144 jak wychowa\u0107 w sobie s\u0142owo Bo\u017ce, odpowiada w\u0142a\u015bnie ten kurs. J\u00f3zef i Maryja b\u0119d\u0105 naszymi przewodnikami w drodze, na kt\u00f3rej postaramy si\u0119 zidentyfikowa\u0107 nasze problemy w wychowywaniu w swoim \u017cyciu s\u0142owa Bo\u017cego oraz poka\u017c\u0105 nam jak oni stawiali czo\u0142a przeciwno\u015bci\u0105, kt\u00f3re si\u0119 pi\u0119trzy\u0142y przed nimi. Dzi\u0119ki kursowi chcemy si\u0119 nauczy\u0107 podejmowa\u0107 trud wychowywania s\u0142owa Bo\u017cego, kt\u00f3re na pocz\u0105tku jest ma\u0142e i nie pozorne jak ziarenko ale dzi\u0119ki odpowiedniej opiece staje si\u0119 najwi\u0119kszym spo\u015br\u00f3d drzew. Potrzebujesz s<span style=\"font-weight: 400;\">ta\u0107 si\u0119 rodzicem dla S\u0142owa aby to Ono uczyni\u0142o z ciebie swoje dziecko.<br \/>\n<\/span><\/p>\n<p><span style=\"font-weight: 400;\">Kurs jest naszymi corocznymi rekolekcjami wsp\u00f3lnotowymi i ma s\u0142u\u017cy\u0107 w przygotowaniu ka\u017cdego z nas na nowy rok formacyjny. Dlatego twoja obecno\u015b\u0107 na nim jest konieczna.<br \/>\nKurs J\u00f3zef i Maryja jest naszym kursem autorskim i b\u0119dziemy go prowadzi\u0107 po raz pierwszy, wi\u0119c tak historycznej chwili nie mo\u017cesz przegapi\u0107:)<\/span><\/p>\n<p>Kurs jest prowadzony tylko dla cz\u0142onk\u00f3w wsp\u00f3lnoty Dobrego \u0141otra oraz os\u00f3b, kt\u00f3re chc\u0105 wst\u0105pi\u0107 do wsp\u00f3lnoty.<\/p>\n<p>&nbsp;<\/p>\n<p><strong>Termin:<\/strong><br \/>\n3 &#8211; 6 sierpnia 2023r.<br \/>\nRecepcja w czwartek od godz. 17:30<br \/>\ngodz. 18:00 kolacja<\/p>\n<p>Zako\u0144czenie w niedziel\u0119, obiadem oko\u0142o 14:30<\/p>\n<p><strong>Miejsce:<br \/>\n<\/strong>Dom Pielgrzyma<strong><br \/>\n<\/strong>Sanktuarium Matki Bo\u017cej, Bolesnej Kr\u00f3lowej Polski,<br \/>\nPani Ziemi \u015awi\u0119tokrzyskiej w Ka\u0142kowie \u2013 Godowie<br \/>\n<span>Ka\u0142k\u00f3w-God\u00f3w 84 A, 27-225 Paw\u0142\u00f3w<br \/>\n<\/span><\/p>\n<p><strong>Koszt:<\/strong><br \/>\nCena za ca\u0142o\u015b\u0107 to 400z\u0142<br \/>\nCena zawiera pobyt w o\u015brodku , wy\u017cywienie, materia\u0142y dydaktyczne do kursu.<\/p>\n<p>Zapis jest potwierdzony dopiero po wype\u0142nieniu formularza zg\u0142oszeniowego oraz po op\u0142aceniu ca\u0142o\u015bci lub zaliczki w wysoko\u015bci 200z\u0142.<\/p>\n<p>Je\u015bli masz problemy z wp\u0142at\u0105 za ca\u0142o\u015b\u0107 to zg\u0142o\u015b si\u0119 do Beaty tel. 534-579-879 by pom\u00f3c ci w rozwi\u0105zaniu tego dylematu. Nie chcieliby\u015bmy,\u00a0 \u017ceby pieni\u0105dze by\u0142y przeszkod\u0105 dla kogokolwiek.<br \/>\nJe\u015bli mo\u017cesz wp\u0142aci\u0107 wi\u0119cej to b\u0119dziemy bardzo wdzi\u0119czni bo przeznaczymy wtedy t\u0105 kwot\u0119 dla tych, kt\u00f3rzy nie maj\u0105.<\/p>\n<p>Wp\u0142at\u0119 nale\u017cy dokona\u0107 na konto:<\/p>\n<p>Bank BG\u017b<br \/>\n54 2030 0045 1110 0000 0278 1190<br \/>\nFundacja Dobrego \u0141otra<br \/>\nul. G\u0142\u00f3wna 16<br \/>\n26-600 Radom<\/p>\n<p>W tytule prosz\u0119 poda\u0107: kurs J\u00f3zef i Maryja oraz imi\u0119 i nazwisko osoby zapisywanej.<\/p>\n<p>&nbsp;<\/p>\n<p><strong>Wa\u017cne:<\/strong><br \/>\nZabierz ze sob\u0105<\/p>\n<ul>\n<li>Pismo \u015awi\u0119te Nowego i Starego Testamentu,<\/li>\n<li>notatnik<\/li>\n<li>co\u015b do pisania<\/li>\n<li>r\u0119cznik<\/li>\n<\/ul>\n<p>W razie pyta\u0144 pisz: sne@dobrylotr.pl lub dzwo\u0144 tel. <span>578 910 452<\/span><\/p>\n<p>Zapisy trwaj\u0105 do 1 sierpnia.<br \/>\nAle prosimy nie czekaj do ostatniej chwili.<\/p>\n<h2 style=\"text-align: center;\">Zapisy zamkni\u0119te<\/h2>\n","protected":false},"excerpt":{"rendered":"<p>J\u00f3zef i Maryja wsp\u00f3lnie wychowali na zbawiciela \u015bwiata wcielone s\u0142owo Boga. Wielokrotnie musieli zmienia\u0107 swoje plany \u017cyciowe, musieli ucieka\u0107 bo \u017cycie ich dziecka by\u0142o zagro\u017cone oraz musieli uwierzy\u0107 w rzeczy nie do uwierzenia. Jak im si\u0119 to uda\u0142o? Co zrobili, \u017ce si\u0119 nie poddali? Na te oraz szereg innych pyta\u0144 [&hellip;]<\/p>\n","protected":false},"author":1,"featured_media":1423,"parent":0,"menu_order":0,"comment_status":"closed","ping_status":"closed","template":"","meta":{"footnotes":""},"class_list":["post-1419","page","type-page","status-publish","has-post-thumbnail","hentry"],"_links":{"self":[{"href":"https:\/\/dobrylotr.pl\/index.php\/wp-json\/wp\/v2\/pages\/1419","targetHints":{"allow":["GET"]}}],"collection":[{"href":"https:\/\/dobrylotr.pl\/index.php\/wp-json\/wp\/v2\/pages"}],"about":[{"href":"https:\/\/dobrylotr.pl\/index.php\/wp-json\/wp\/v2\/types\/page"}],"author":[{"embeddable":true,"href":"https:\/\/dobrylotr.pl\/index.php\/wp-json\/wp\/v2\/users\/1"}],"replies":[{"embeddable":true,"href":"https:\/\/dobrylotr.pl\/index.php\/wp-json\/wp\/v2\/comments?post=1419"}],"version-history":[{"count":5,"href":"https:\/\/dobrylotr.pl\/index.php\/wp-json\/wp\/v2\/pages\/1419\/revisions"}],"predecessor-version":[{"id":1422,"href":"https:\/\/dobrylotr.pl\/index.php\/wp-json\/wp\/v2\/pages\/1419\/revisions\/1422"}],"wp:featuredmedia":[{"embeddable":true,"href":"https:\/\/dobrylotr.pl\/index.php\/wp-json\/wp\/v2\/media\/1423"}],"wp:attachment":[{"href":"https:\/\/dobrylotr.pl\/index.php\/wp-json\/wp\/v2\/media?parent=1419"}],"curies":[{"name":"wp","href":"https:\/\/api.w.org\/{rel}","templated":true}]}}