{"id":143,"date":"2018-05-22T11:53:22","date_gmt":"2018-05-22T09:53:22","guid":{"rendered":"http:\/\/nowa.dobrylotr.pl\/?page_id=143"},"modified":"2020-03-05T14:48:56","modified_gmt":"2020-03-05T13:48:56","slug":"kurs-emaus","status":"publish","type":"page","link":"https:\/\/dobrylotr.pl\/index.php\/kursy\/kurs-emaus\/","title":{"rendered":"Kurs Emaus"},"content":{"rendered":"<h2><span><strong>Kurs Emaus<br \/>\n<\/strong><\/span><\/h2>\n<div><img decoding=\"async\" src=\"https:\/\/img.webme.com\/pic\/d\/dobrylotr\/f5_g_201506277494.jpg\" alt=\"\" align=\"right\" \/>Je\u015bli masz problem z codziennym czytaniem S\u0142owa Bo\u017cego to ten kurs jest w\u0142a\u015bnie dla ciebie. Do\u015bwiadczysz na nim czym jest i jak smakuje Pismo \u015awi\u0119te, kt\u00f3re jest podstawowym pokarmem ka\u017cdego chrze\u015bcijanina. B\u0119dziesz m\u00f3g\u0142 czyta\u0107 S\u0142owo w nowy spos\u00f3b ju\u017c nie jako m\u0105dr\u0105 ksi\u0105\u017ck\u0119 o Bogu ale jako Jego \u017cywe i skuteczne s\u0142owo.<br \/>\nKurs Emaus pozwala rozmi\u0142owa\u0107 si\u0119 w S\u0142owie Bo\u017cym jako Osobie. Uczy jak czyta\u0107 S\u0142owo Bo\u017ce i czym ono jest dla ka\u017cdego cz\u0142owieka. Jest czasem spotkania z Jezusem Zmartwychwsta\u0142ym, kt\u00f3ry chce swoj\u0105 mi\u0142o\u015bci\u0105 i pokojem na nowo rozpala\u0107 zniech\u0119cone i rozczarowane ludzkie serca. To czas daj\u0105cy mo\u017cliwo\u015b\u0107 pog\u0142\u0119bienia relacji z Bogiem obecnym w Jego S\u0142owie.<br \/>\nKurs Emaus jest skierowany do os\u00f3b po kursie Nowe \u017bycie.<\/div>\n<div><span><strong><a href=\"https:\/\/docs.google.com\/forms\/d\/e\/1FAIpQLSfXj-o7EtfH89WqnMlYCUmb6_zYRqWsJ9N67RI5OV0RGsUK2A\/viewform?usp=sf_link\" target=\"_blank\" rel=\"noopener noreferrer\">Zapisz si\u0119<\/a><br \/>\n<\/strong><\/span><\/div>\n<p>&nbsp;<\/p>\n","protected":false},"excerpt":{"rendered":"<p>Kurs Emaus Je\u015bli masz problem z codziennym czytaniem S\u0142owa Bo\u017cego to ten kurs jest w\u0142a\u015bnie dla ciebie. Do\u015bwiadczysz na nim czym jest i jak smakuje Pismo \u015awi\u0119te, kt\u00f3re jest podstawowym pokarmem ka\u017cdego chrze\u015bcijanina. B\u0119dziesz m\u00f3g\u0142 czyta\u0107 S\u0142owo w nowy spos\u00f3b ju\u017c nie jako m\u0105dr\u0105 ksi\u0105\u017ck\u0119 o Bogu ale jako Jego [&hellip;]<\/p>\n","protected":false},"author":1,"featured_media":0,"parent":59,"menu_order":0,"comment_status":"closed","ping_status":"closed","template":"","meta":{"footnotes":""},"class_list":["post-143","page","type-page","status-publish","hentry"],"_links":{"self":[{"href":"https:\/\/dobrylotr.pl\/index.php\/wp-json\/wp\/v2\/pages\/143","targetHints":{"allow":["GET"]}}],"collection":[{"href":"https:\/\/dobrylotr.pl\/index.php\/wp-json\/wp\/v2\/pages"}],"about":[{"href":"https:\/\/dobrylotr.pl\/index.php\/wp-json\/wp\/v2\/types\/page"}],"author":[{"embeddable":true,"href":"https:\/\/dobrylotr.pl\/index.php\/wp-json\/wp\/v2\/users\/1"}],"replies":[{"embeddable":true,"href":"https:\/\/dobrylotr.pl\/index.php\/wp-json\/wp\/v2\/comments?post=143"}],"version-history":[{"count":2,"href":"https:\/\/dobrylotr.pl\/index.php\/wp-json\/wp\/v2\/pages\/143\/revisions"}],"predecessor-version":[{"id":616,"href":"https:\/\/dobrylotr.pl\/index.php\/wp-json\/wp\/v2\/pages\/143\/revisions\/616"}],"up":[{"embeddable":true,"href":"https:\/\/dobrylotr.pl\/index.php\/wp-json\/wp\/v2\/pages\/59"}],"wp:attachment":[{"href":"https:\/\/dobrylotr.pl\/index.php\/wp-json\/wp\/v2\/media?parent=143"}],"curies":[{"name":"wp","href":"https:\/\/api.w.org\/{rel}","templated":true}]}}