{"id":146,"date":"2018-05-22T11:55:50","date_gmt":"2018-05-22T09:55:50","guid":{"rendered":"http:\/\/nowa.dobrylotr.pl\/?page_id=146"},"modified":"2018-06-07T12:15:51","modified_gmt":"2018-06-07T10:15:51","slug":"kurs-pawel","status":"publish","type":"page","link":"https:\/\/dobrylotr.pl\/index.php\/kursy\/kurs-pawel\/","title":{"rendered":"Kurs Pawe\u0142"},"content":{"rendered":"<h2><a href=\"http:\/\/wspolnota.dobrylotr.pl\/438-kurs-pawe%C5%82-4-13-08-2017r.html\">Kurs Pawe\u0142 28.06 &#8211; 08.07.2018r.<\/a><\/h2>\n<div class=\"ttr_post_inner_box\"><\/div>\n<div>\u00a0<span>Za<\/span><span><img decoding=\"async\" src=\"https:\/\/img.webme.com\/pic\/d\/dobrylotr\/k.pawel.gif\" alt=\"Kurs Pawe\u0142\" hspace=\"5\" align=\"left\" \/><\/span><span>praszamy na kurs &#8222;Pawe\u0142&#8221;,kt\u00f3ry odb\u0119dzie si\u0119 w dniach od 28 czerwca do 8 lipca 2018 roku.<\/span><\/div>\n<p><span>Wszelkie informacje oraz zapisy pod tym linkiem:<\/span><\/p>\n<p style=\"text-align: center;\"><span><a href=\"https:\/\/docs.google.com\/forms\/d\/e\/1FAIpQLSe89nxFsesem0C7BMN_3Qosbnc9hz98SeKcV5xsln40--HJWQ\/viewform?usp=sf_link\" target=\"_blank\" rel=\"noopener\">ZAPISY NA KURS &#8222;PAWE\u0141&#8221;<\/a><\/span><\/p>\n<p>Zapisy trwaj\u0105 do 19 czerwca 2018r.<\/p>\n","protected":false},"excerpt":{"rendered":"<p>Kurs Pawe\u0142 28.06 &#8211; 08.07.2018r. \u00a0Zapraszamy na kurs &#8222;Pawe\u0142&#8221;,kt\u00f3ry odb\u0119dzie si\u0119 w dniach od 28 czerwca do 8 lipca 2018 roku. Wszelkie informacje oraz zapisy pod tym linkiem: ZAPISY NA KURS &#8222;PAWE\u0141&#8221; Zapisy trwaj\u0105 do 19 czerwca 2018r.<\/p>\n","protected":false},"author":1,"featured_media":0,"parent":59,"menu_order":0,"comment_status":"closed","ping_status":"closed","template":"","meta":{"footnotes":""},"class_list":["post-146","page","type-page","status-publish","hentry"],"_links":{"self":[{"href":"https:\/\/dobrylotr.pl\/index.php\/wp-json\/wp\/v2\/pages\/146","targetHints":{"allow":["GET"]}}],"collection":[{"href":"https:\/\/dobrylotr.pl\/index.php\/wp-json\/wp\/v2\/pages"}],"about":[{"href":"https:\/\/dobrylotr.pl\/index.php\/wp-json\/wp\/v2\/types\/page"}],"author":[{"embeddable":true,"href":"https:\/\/dobrylotr.pl\/index.php\/wp-json\/wp\/v2\/users\/1"}],"replies":[{"embeddable":true,"href":"https:\/\/dobrylotr.pl\/index.php\/wp-json\/wp\/v2\/comments?post=146"}],"version-history":[{"count":2,"href":"https:\/\/dobrylotr.pl\/index.php\/wp-json\/wp\/v2\/pages\/146\/revisions"}],"predecessor-version":[{"id":200,"href":"https:\/\/dobrylotr.pl\/index.php\/wp-json\/wp\/v2\/pages\/146\/revisions\/200"}],"up":[{"embeddable":true,"href":"https:\/\/dobrylotr.pl\/index.php\/wp-json\/wp\/v2\/pages\/59"}],"wp:attachment":[{"href":"https:\/\/dobrylotr.pl\/index.php\/wp-json\/wp\/v2\/media?parent=146"}],"curies":[{"name":"wp","href":"https:\/\/api.w.org\/{rel}","templated":true}]}}