{"id":242,"date":"2018-07-16T13:26:25","date_gmt":"2018-07-16T11:26:25","guid":{"rendered":"http:\/\/dobrylotr.pl\/?page_id=242"},"modified":"2026-02-01T13:38:15","modified_gmt":"2026-02-01T11:38:15","slug":"terminy-kursow","status":"publish","type":"page","link":"https:\/\/dobrylotr.pl\/index.php\/kursy\/terminy-kursow\/","title":{"rendered":"Terminy kurs\u00f3w"},"content":{"rendered":"<h3><strong>2020r.<\/strong><\/h3>\n<p><strong>11 stycznia<\/strong> &#8211; Szko\u0142a Gospodarzy<\/p>\n<p><strong>17 &#8211; 19 stycznia<\/strong> &#8211; kurs Emaus (Radom)<\/p>\n<p><strong>23 &#8211; 26 stycznia<\/strong> &#8211; kurs Jan<\/p>\n<p><strong>31 stycznia &#8211; 2 lutego<\/strong> &#8211; kurs Nowe \u017bycie (Radom)<\/p>\n<p>&nbsp;<\/p>\n<p><strong>8 lutego<\/strong> &#8211; Szko\u0142a Odpowiedzialnych<\/p>\n<p><strong>15 lutego<\/strong> &#8211; Szko\u0142a Gospodarzy Ma\u0142ych Grup<\/p>\n<p>&nbsp;<\/p>\n<p><strong>6 &#8211; 8 marca<\/strong> &#8211; kurs Nowe \u017bycie (Nowa D\u0119ba)<\/p>\n<p><strong>7 marca<\/strong> &#8211; warsztaty modlitwy wstawienniczej &#8211; <a href=\"https:\/\/dobrylotr.pl\/index.php\/2020\/02\/19\/warsztaty-modlitwy-wstawienniczej\/\">zapisy<\/a><\/p>\n<p><strong>12 &#8211; 15 marca<\/strong> &#8211; kurs Historia Zbawienia &#8211; <a href=\"https:\/\/dobrylotr.pl\/index.php\/2020\/01\/29\/kurs-historia-zbawienia-12-15-marca-2020r\/\">zapisy<\/a><\/p>\n<p><strong>21 marca\u00a0<\/strong> &#8211; Szko\u0142a Odpowiedzialnych<\/p>\n<p><strong>26 marca<\/strong> &#8211; wspomnienie \u015bw. Dobrego \u0141otra (\u015bw. Dyzmy), Inauguracja kaplicy \u015bw. Dobrego \u0141otra.<\/p>\n<p><strong>27 &#8211; 29 marca<\/strong> &#8211; kurs Nowe \u017bycie (Skar\u017cysko-Kamienna, franciszkanie)<\/p>\n<p>&nbsp;<\/p>\n<p><strong>18\u00a0<\/strong><b>kwietnia<\/b>\u00a0&#8211; Szko\u0142a Odpowiedzialnych, Szko\u0142a Gospodarzy<\/p>\n<p><strong>24 &#8211; 26 kwietnia<\/strong> &#8211; Kurs Animacji Modlitwy Charyzmatycznej (Radom)<\/p>\n<p>&nbsp;<\/p>\n<p><strong>15 &#8211; 17 maja<\/strong> &#8211; Szko\u0142a Odpowiedzialnych, Szko\u0142a Gospodarzy<\/p>\n<p><strong>22 &#8211; 24 maja<\/strong> &#8211; kurs Dobrego \u0141otra (Lectio Divina) (Radom)<\/p>\n<p><strong>31 maja<\/strong> &#8211; Zes\u0142anie Ducha \u015awi\u0119tego<\/p>\n<p>&nbsp;<\/p>\n<p><strong>5 &#8211; 7 czerwca &#8211;<\/strong> kurs Nowe \u017bycie (Radom)<\/p>\n<p><strong>19 &#8211; 21 czerwca &#8211;<\/strong> kurs Emaus (Radom)<\/p>\n<p>&nbsp;<\/p>\n<p><strong>2 &#8211; 12 lipica<\/strong>\u00a0&#8211; kurs Pawe\u0142 (EREM Ka\u0142k\u00f3w)<\/p>\n<p><strong>18 &#8211; 26 lipca<\/strong> &#8211; pielgrzymka do Medjugorie<\/p>\n<p>&nbsp;<\/p>\n<p><strong>18 &#8211; 20 wrze\u015bnia<\/strong> &#8211; rekolekcje sieci wsp\u00f3lnot Dobrego \u0141otra<\/p>\n<p><strong>25 &#8211; 27 wrze\u015bnia &#8211;<\/strong> rekolekcje sieci wsp\u00f3lnot Dobrego \u0141otra<\/p>\n","protected":false},"excerpt":{"rendered":"<p>2020r. 11 stycznia &#8211; Szko\u0142a Gospodarzy 17 &#8211; 19 stycznia &#8211; kurs Emaus (Radom) 23 &#8211; 26 stycznia &#8211; kurs Jan 31 stycznia &#8211; 2 lutego &#8211; kurs Nowe \u017bycie (Radom) &nbsp; 8 lutego &#8211; Szko\u0142a Odpowiedzialnych 15 lutego &#8211; Szko\u0142a Gospodarzy Ma\u0142ych Grup &nbsp; 6 &#8211; 8 marca &#8211; [&hellip;]<\/p>\n","protected":false},"author":1,"featured_media":0,"parent":59,"menu_order":0,"comment_status":"closed","ping_status":"closed","template":"","meta":{"footnotes":""},"class_list":["post-242","page","type-page","status-publish","hentry"],"_links":{"self":[{"href":"https:\/\/dobrylotr.pl\/index.php\/wp-json\/wp\/v2\/pages\/242","targetHints":{"allow":["GET"]}}],"collection":[{"href":"https:\/\/dobrylotr.pl\/index.php\/wp-json\/wp\/v2\/pages"}],"about":[{"href":"https:\/\/dobrylotr.pl\/index.php\/wp-json\/wp\/v2\/types\/page"}],"author":[{"embeddable":true,"href":"https:\/\/dobrylotr.pl\/index.php\/wp-json\/wp\/v2\/users\/1"}],"replies":[{"embeddable":true,"href":"https:\/\/dobrylotr.pl\/index.php\/wp-json\/wp\/v2\/comments?post=242"}],"version-history":[{"count":33,"href":"https:\/\/dobrylotr.pl\/index.php\/wp-json\/wp\/v2\/pages\/242\/revisions"}],"predecessor-version":[{"id":617,"href":"https:\/\/dobrylotr.pl\/index.php\/wp-json\/wp\/v2\/pages\/242\/revisions\/617"}],"up":[{"embeddable":true,"href":"https:\/\/dobrylotr.pl\/index.php\/wp-json\/wp\/v2\/pages\/59"}],"wp:attachment":[{"href":"https:\/\/dobrylotr.pl\/index.php\/wp-json\/wp\/v2\/media?parent=242"}],"curies":[{"name":"wp","href":"https:\/\/api.w.org\/{rel}","templated":true}]}}