{"id":334,"date":"2018-10-31T19:30:07","date_gmt":"2018-10-31T17:30:07","guid":{"rendered":"http:\/\/dobrylotr.pl\/?page_id=334"},"modified":"2018-10-31T19:30:07","modified_gmt":"2018-10-31T17:30:07","slug":"szkola-towarzyszenia-duchowego","status":"publish","type":"page","link":"https:\/\/dobrylotr.pl\/index.php\/szkola-towarzyszenia-duchowego\/","title":{"rendered":"Szko\u0142a Towarzyszenia Duchowego"},"content":{"rendered":"<p><strong>Pierwszy modu\u0142:<\/strong><\/p>\n<p><strong>Data:<\/strong><br \/>\n9 &#8211; 10 listopada (pi\u0105tek &#8211; sobota)<\/p>\n<p>Pi\u0105tek<br \/>\n18:00 \u2013 Msza \u015aw.<br \/>\n18:45 \u2013 Rozpocz\u0119cie i kolacja<br \/>\n21:00 &#8211; Zako\u0144czenie<\/p>\n<p>Sobota<br \/>\n8:00 &#8211; \u015aniadanie i rozpocz\u0119cie<br \/>\n13:00 &#8211; Zako\u0144czenie i obiad (dla ch\u0119tnych)<br \/>\n14:00 &#8211; Msza \u015aw. (dla ch\u0119tnych)<\/p>\n<p><strong>Miejsce:<\/strong><br \/>\n\u201eKazimierz\u00f3wka\u201d ul. G\u0142\u00f3wna 16, Radom<\/p>\n<p><strong>Koszt:<\/strong><br \/>\n20z\u0142 + opcjonalnie 16z\u0142 obiad<br \/>\n*przy zapisie obowi\u0105zuje wp\u0142ata ca\u0142o\u015bci kwoty na konto.<\/p>\n<p>Bank BG\u017b<\/p>\n<p>54 2030 0045 1110 0000 0278 1190<\/p>\n<p>Fundacja Dobrego \u0141otra<\/p>\n<p>ul. G\u0142\u00f3wna 16<\/p>\n<p>26-600 Radom<\/p>\n<p>W tytule prosz\u0119 poda\u0107: Darowizna na cele statutowe oraz imi\u0119 i nazwisko osoby zapisywanej.<\/p>\n<p>&nbsp;<\/p>\n<p style=\"text-align: center;\"><a href=\"https:\/\/docs.google.com\/forms\/d\/e\/1FAIpQLSeNEH6uxV6xdtT5n7LQm8z21uEMiSDQhNspYfFwbBLWYBd-SA\/viewform?usp=sf_link\" target=\"_blank\" rel=\"noopener\"><strong>Zapisz si\u0119<\/strong><\/a><\/p>\n","protected":false},"excerpt":{"rendered":"<p>Pierwszy modu\u0142: Data: 9 &#8211; 10 listopada (pi\u0105tek &#8211; sobota) Pi\u0105tek 18:00 \u2013 Msza \u015aw. 18:45 \u2013 Rozpocz\u0119cie i kolacja 21:00 &#8211; Zako\u0144czenie Sobota 8:00 &#8211; \u015aniadanie i rozpocz\u0119cie 13:00 &#8211; Zako\u0144czenie i obiad (dla ch\u0119tnych) 14:00 &#8211; Msza \u015aw. (dla ch\u0119tnych) Miejsce: \u201eKazimierz\u00f3wka\u201d ul. G\u0142\u00f3wna 16, Radom Koszt: 20z\u0142 [&hellip;]<\/p>\n","protected":false},"author":1,"featured_media":0,"parent":0,"menu_order":0,"comment_status":"closed","ping_status":"closed","template":"","meta":{"footnotes":""},"class_list":["post-334","page","type-page","status-publish","hentry"],"_links":{"self":[{"href":"https:\/\/dobrylotr.pl\/index.php\/wp-json\/wp\/v2\/pages\/334","targetHints":{"allow":["GET"]}}],"collection":[{"href":"https:\/\/dobrylotr.pl\/index.php\/wp-json\/wp\/v2\/pages"}],"about":[{"href":"https:\/\/dobrylotr.pl\/index.php\/wp-json\/wp\/v2\/types\/page"}],"author":[{"embeddable":true,"href":"https:\/\/dobrylotr.pl\/index.php\/wp-json\/wp\/v2\/users\/1"}],"replies":[{"embeddable":true,"href":"https:\/\/dobrylotr.pl\/index.php\/wp-json\/wp\/v2\/comments?post=334"}],"version-history":[{"count":1,"href":"https:\/\/dobrylotr.pl\/index.php\/wp-json\/wp\/v2\/pages\/334\/revisions"}],"predecessor-version":[{"id":335,"href":"https:\/\/dobrylotr.pl\/index.php\/wp-json\/wp\/v2\/pages\/334\/revisions\/335"}],"wp:attachment":[{"href":"https:\/\/dobrylotr.pl\/index.php\/wp-json\/wp\/v2\/media?parent=334"}],"curies":[{"name":"wp","href":"https:\/\/api.w.org\/{rel}","templated":true}]}}