{"id":337,"date":"2018-11-05T13:46:01","date_gmt":"2018-11-05T11:46:01","guid":{"rendered":"http:\/\/dobrylotr.pl\/?page_id=337"},"modified":"2018-11-05T14:48:23","modified_gmt":"2018-11-05T12:48:23","slug":"kurs-emaus-17-18-listopada-2018","status":"publish","type":"page","link":"https:\/\/dobrylotr.pl\/index.php\/kurs-emaus-17-18-listopada-2018\/","title":{"rendered":"Kurs Emaus 17 &#8211; 18 listopada 2018"},"content":{"rendered":"<p><strong><img loading=\"lazy\" decoding=\"async\" src=\"https:\/\/dobrylotr.pl\/wp-content\/uploads\/2018\/11\/emaus-300x188.png\" alt=\"\" width=\"300\" height=\"188\" class=\"size-medium wp-image-342 alignright\" srcset=\"https:\/\/dobrylotr.pl\/wp-content\/uploads\/2018\/11\/emaus-300x188.png 300w, https:\/\/dobrylotr.pl\/wp-content\/uploads\/2018\/11\/emaus.png 411w\" sizes=\"auto, (max-width: 300px) 100vw, 300px\" \/>Termin: 17 &#8211; 18 listopada<\/strong><\/p>\n<p>&nbsp;<\/p>\n<p>Sobota<\/p>\n<p>8:00 &#8211; rozpocz\u0119cie i recepcja<\/p>\n<p>oko\u0142o 21:00 &#8211; Zako\u0144czenie<\/p>\n<p>&nbsp;<\/p>\n<p>Niedziela:<\/p>\n<p>8:00 &#8211; Rozpocz\u0119cie<\/p>\n<p>13:00 &#8211; 14:00 Zako\u0144czenie<\/p>\n<p>&nbsp;<\/p>\n<p>Miejsce:<\/p>\n<p>Dom parafialny<\/p>\n<p>par. NSJ w Starachowicach, ul. Z\u0142ota 1<\/p>\n<p>&nbsp;<\/p>\n<p>Koszt:<br \/>\n100z\u0142<br \/>\n*w tym pe\u0142ne wy\u017cywienie oraz materia\u0142y dydaktyczne<\/p>\n<p>&nbsp;<\/p>\n<p>Uwagi:<br \/>\n&#8211; kurs jest dochodzony, bez noclegu<\/p>\n<p>&#8211; zabierz ze sob\u0105 swoje Pismo \u015awi\u0119te i notatnik<\/p>\n<p>&nbsp;<\/p>\n<p><strong>Kontakt w sprawie zapis\u00f3w:<\/strong><\/p>\n<p><strong>Renata &#8211; tel. 534 633 555<\/strong><\/p>\n<p>&nbsp;<\/p>\n<p>&nbsp;<\/p>\n","protected":false},"excerpt":{"rendered":"<p>Termin: 17 &#8211; 18 listopada &nbsp; Sobota 8:00 &#8211; rozpocz\u0119cie i recepcja oko\u0142o 21:00 &#8211; Zako\u0144czenie &nbsp; Niedziela: 8:00 &#8211; Rozpocz\u0119cie 13:00 &#8211; 14:00 Zako\u0144czenie &nbsp; Miejsce: Dom parafialny par. NSJ w Starachowicach, ul. Z\u0142ota 1 &nbsp; Koszt: 100z\u0142 *w tym pe\u0142ne wy\u017cywienie oraz materia\u0142y dydaktyczne &nbsp; Uwagi: &#8211; kurs [&hellip;]<\/p>\n","protected":false},"author":1,"featured_media":0,"parent":0,"menu_order":0,"comment_status":"closed","ping_status":"closed","template":"","meta":{"footnotes":""},"class_list":["post-337","page","type-page","status-publish","hentry"],"_links":{"self":[{"href":"https:\/\/dobrylotr.pl\/index.php\/wp-json\/wp\/v2\/pages\/337","targetHints":{"allow":["GET"]}}],"collection":[{"href":"https:\/\/dobrylotr.pl\/index.php\/wp-json\/wp\/v2\/pages"}],"about":[{"href":"https:\/\/dobrylotr.pl\/index.php\/wp-json\/wp\/v2\/types\/page"}],"author":[{"embeddable":true,"href":"https:\/\/dobrylotr.pl\/index.php\/wp-json\/wp\/v2\/users\/1"}],"replies":[{"embeddable":true,"href":"https:\/\/dobrylotr.pl\/index.php\/wp-json\/wp\/v2\/comments?post=337"}],"version-history":[{"count":3,"href":"https:\/\/dobrylotr.pl\/index.php\/wp-json\/wp\/v2\/pages\/337\/revisions"}],"predecessor-version":[{"id":346,"href":"https:\/\/dobrylotr.pl\/index.php\/wp-json\/wp\/v2\/pages\/337\/revisions\/346"}],"wp:attachment":[{"href":"https:\/\/dobrylotr.pl\/index.php\/wp-json\/wp\/v2\/media?parent=337"}],"curies":[{"name":"wp","href":"https:\/\/api.w.org\/{rel}","templated":true}]}}