{"id":708,"date":"2020-03-27T19:32:04","date_gmt":"2020-03-27T18:32:04","guid":{"rendered":"http:\/\/dobrylotr.pl\/?page_id=708"},"modified":"2020-03-27T19:39:24","modified_gmt":"2020-03-27T18:39:24","slug":"modlitwa-za-wstawiennictwem-sw-dobrego-lotra","status":"publish","type":"page","link":"https:\/\/dobrylotr.pl\/index.php\/patron-dobry-lotr\/modlitwa-za-wstawiennictwem-sw-dobrego-lotra\/","title":{"rendered":"Modlitwa za wstawiennictwem \u015aw. Dobrego \u0141otra"},"content":{"rendered":"<h5>O b\u0142ogos\u0142awiony \u0141otrze!<br \/>\nOtrzyma\u0142e\u015b \u0142ask\u0119 udzia\u0142u w cierpieniach mojego Zbawiciela.<br \/>\nU boku Jezusa na krzy\u017cu by\u0142e\u015b tam gdzie chcia\u0142bym by\u0107 ja:<br \/>\nskruszony i pe\u0142en wsp\u00f3\u0142czucia grzesznik.<br \/>\nTwoja g\u0142owa pochyla\u0142a si\u0119 ku Boskiemu Ukrzy\u017cowanemu;<br \/>\ni to jest moim pragnieniem.<br \/>\nWi\u0119kszo\u015b\u0107 ludzi kocha\u0142a Chrystusa za Jego cuda, w Jego chwale.<br \/>\nAle Ty, Ty kocha\u0142e\u015b Go w Jego opuszczeniu, w Jego b\u00f3lu i konaniu.<br \/>\nUpro\u015b mi, \u0142otrowi jak ty, \u0142ask\u0119 lito\u015bci i pocieszenia w godzinie \u015bmierci;<br \/>\nby ostatnie uderzenie mojego biednego serca, tak jak to by\u0142o z Tob\u0105, dokona\u0142o si\u0119 w komunii mi\u0142o\u015bci z Sercem Chrystusa Jezusa umieraj\u0105cego dla nas.<br \/>\nAmen.<\/h5>\n","protected":false},"excerpt":{"rendered":"<p>O b\u0142ogos\u0142awiony \u0141otrze! Otrzyma\u0142e\u015b \u0142ask\u0119 udzia\u0142u w cierpieniach mojego Zbawiciela. U boku Jezusa na krzy\u017cu by\u0142e\u015b tam gdzie chcia\u0142bym by\u0107 ja: skruszony i pe\u0142en wsp\u00f3\u0142czucia grzesznik. Twoja g\u0142owa pochyla\u0142a si\u0119 ku Boskiemu Ukrzy\u017cowanemu; i to jest moim pragnieniem. Wi\u0119kszo\u015b\u0107 ludzi kocha\u0142a Chrystusa za Jego cuda, w Jego chwale. Ale Ty, [&hellip;]<\/p>\n","protected":false},"author":1,"featured_media":0,"parent":710,"menu_order":0,"comment_status":"closed","ping_status":"closed","template":"","meta":{"footnotes":""},"class_list":["post-708","page","type-page","status-publish","hentry"],"_links":{"self":[{"href":"https:\/\/dobrylotr.pl\/index.php\/wp-json\/wp\/v2\/pages\/708","targetHints":{"allow":["GET"]}}],"collection":[{"href":"https:\/\/dobrylotr.pl\/index.php\/wp-json\/wp\/v2\/pages"}],"about":[{"href":"https:\/\/dobrylotr.pl\/index.php\/wp-json\/wp\/v2\/types\/page"}],"author":[{"embeddable":true,"href":"https:\/\/dobrylotr.pl\/index.php\/wp-json\/wp\/v2\/users\/1"}],"replies":[{"embeddable":true,"href":"https:\/\/dobrylotr.pl\/index.php\/wp-json\/wp\/v2\/comments?post=708"}],"version-history":[{"count":2,"href":"https:\/\/dobrylotr.pl\/index.php\/wp-json\/wp\/v2\/pages\/708\/revisions"}],"predecessor-version":[{"id":718,"href":"https:\/\/dobrylotr.pl\/index.php\/wp-json\/wp\/v2\/pages\/708\/revisions\/718"}],"up":[{"embeddable":true,"href":"https:\/\/dobrylotr.pl\/index.php\/wp-json\/wp\/v2\/pages\/710"}],"wp:attachment":[{"href":"https:\/\/dobrylotr.pl\/index.php\/wp-json\/wp\/v2\/media?parent=708"}],"curies":[{"name":"wp","href":"https:\/\/api.w.org\/{rel}","templated":true}]}}