{"id":721,"date":"2020-03-29T18:49:21","date_gmt":"2020-03-29T17:49:21","guid":{"rendered":"http:\/\/dobrylotr.pl\/?page_id=721"},"modified":"2020-03-31T17:13:28","modified_gmt":"2020-03-31T16:13:28","slug":"rekolekcje-wielkopostne-sieci-wspolnot","status":"publish","type":"page","link":"https:\/\/dobrylotr.pl\/index.php\/rekolekcje-wielkopostne-sieci-wspolnot\/","title":{"rendered":"Rekolekcje Wielkopostne Sieci Wsp\u00f3lnot"},"content":{"rendered":"<p><span>Czy my szukamy Boga, czy B\u00f3g szuka nas?<\/span><br \/>\n<span>Czy to my si\u0119 zmieniamy, czy jeste\u015bmy zmieniani Bo\u017c\u0105 \u0142ask\u0105 i mi\u0142o\u015bci\u0105?<\/span><br \/>\n<span>Czy jestem w stanie znale\u017a\u0107 Boga mieszkaj\u0105cego we mnie, w izdebce mego serca?<\/span><br \/>\n<span>Czy moje my\u015bli, s\u0142owa, uczucia pomagaj\u0105 mi \u017cy\u0107 w Jego blisko\u015bci, czy<\/span><br \/>\n<span>czasem przeszkadzaj\u0105,<\/span><br \/>\n<span>\u00a0bo przecie\u017c &#8222;(&#8230;) w Nim \u017cyjemy, w Nim si\u0119 poruszamy i w Nim<\/span><br \/>\n<span>jeste\u015bmy&#8221; (Dz 17, 28)?<\/span><br \/>\n<span>\u00a0Czy o tym my\u015blimy, czy nie?<\/span><\/p>\n<p><span>Zapraszam do prze\u017cycia wsp\u00f3lnotowych rekolekcji wielkopostnych w<\/span><br \/>\n<span>szczeg\u00f3lnym czasie<\/span><br \/>\n<span>zatrzymania zwyk\u0142ego rytmu \u017cycia i otwarcia na Bo\u017ce mi\u0142osierdzie!<\/span><br \/>\n<span>Te internetowe rekolekcje maj\u0105 charakter zamkni\u0119ty, czyli b\u0119d\u0105<\/span><br \/>\n<span>dost\u0119pne tylko dla os\u00f3b, kt\u00f3re zdecyduj\u0105 si\u0119 przeznaczy\u0107 4 wieczory na<\/span><br \/>\n<span>s\u0142uchanie s\u0142owa Bo\u017cego i modlitw\u0119.<\/span><br \/>\n<span>Potrzebny b\u0119dzie\u00a0 r\u00f3wnie\u017c na pewien wysi\u0142ek poznania praktyki trwania<\/span><br \/>\n<span>w ciszy przed Panem.<\/span><\/p>\n<p><span>Osoby, kt\u00f3re zdecyduj\u0105 si\u0119 wzi\u0105\u0107 w nich udzia\u0142, otrzymaj\u0105 link do<\/span><br \/>\n<span>zalogowania si\u0119 na platformie ZOOM, kt\u00f3ra pos\u0142u\u017cy do wsp\u00f3lnego<\/span><br \/>\n<span>spotkania.<\/span><\/p>\n<p><span>Rekolekcje poprowadzi o. Wojciech Dr\u0105\u017cek, moderator krajowy Ruchu<\/span><br \/>\n<span>Odnowy Kontemplacyjnej.<\/span><br \/>\n<span>Rekolekcje potrwaj\u0105 od \u015brody 1 kwietnia do soboty 4 kwietnia br. W godzinach 19:30 &#8211; 20:30<\/span><\/p>\n<p><span>Prosimy o z\u0142o\u017cenie dobrowolnej ofiary dla naszego rekolekcjonisty na konto:<\/span><br \/>\n<span>47 1140 2004 0000 3902 7615 0995<\/span><br \/>\n<span>(dopisek &#8211; ofiara dla o. Rekolekcjonisty)<\/span><br \/>\n<span>Niech Pan da nam wszystkim \u0142ask\u0119 owocnych rekolekcji!<\/span><br \/>\n<span>Szcz\u0119\u015b\u0107 Bo\u017ce!<\/span><br \/>\n<span>ks. S\u0142awek<\/span><\/p>\n<h3 style=\"text-align: center;\">Zapisy zako\u0144czone<\/h3>\n","protected":false},"excerpt":{"rendered":"<p>Czy my szukamy Boga, czy B\u00f3g szuka nas? Czy to my si\u0119 zmieniamy, czy jeste\u015bmy zmieniani Bo\u017c\u0105 \u0142ask\u0105 i mi\u0142o\u015bci\u0105? Czy jestem w stanie znale\u017a\u0107 Boga mieszkaj\u0105cego we mnie, w izdebce mego serca? Czy moje my\u015bli, s\u0142owa, uczucia pomagaj\u0105 mi \u017cy\u0107 w Jego blisko\u015bci, czy czasem przeszkadzaj\u0105, \u00a0bo przecie\u017c &#8222;(&#8230;) [&hellip;]<\/p>\n","protected":false},"author":1,"featured_media":0,"parent":0,"menu_order":0,"comment_status":"closed","ping_status":"closed","template":"","meta":{"footnotes":""},"class_list":["post-721","page","type-page","status-publish","hentry"],"_links":{"self":[{"href":"https:\/\/dobrylotr.pl\/index.php\/wp-json\/wp\/v2\/pages\/721","targetHints":{"allow":["GET"]}}],"collection":[{"href":"https:\/\/dobrylotr.pl\/index.php\/wp-json\/wp\/v2\/pages"}],"about":[{"href":"https:\/\/dobrylotr.pl\/index.php\/wp-json\/wp\/v2\/types\/page"}],"author":[{"embeddable":true,"href":"https:\/\/dobrylotr.pl\/index.php\/wp-json\/wp\/v2\/users\/1"}],"replies":[{"embeddable":true,"href":"https:\/\/dobrylotr.pl\/index.php\/wp-json\/wp\/v2\/comments?post=721"}],"version-history":[{"count":7,"href":"https:\/\/dobrylotr.pl\/index.php\/wp-json\/wp\/v2\/pages\/721\/revisions"}],"predecessor-version":[{"id":735,"href":"https:\/\/dobrylotr.pl\/index.php\/wp-json\/wp\/v2\/pages\/721\/revisions\/735"}],"wp:attachment":[{"href":"https:\/\/dobrylotr.pl\/index.php\/wp-json\/wp\/v2\/media?parent=721"}],"curies":[{"name":"wp","href":"https:\/\/api.w.org\/{rel}","templated":true}]}}